{"id":48,"date":"2020-10-07T09:30:01","date_gmt":"2020-10-07T07:30:01","guid":{"rendered":"https:\/\/tagderforschung2020.phwien.ac.at\/?page_id=48"},"modified":"2020-10-08T21:30:06","modified_gmt":"2020-10-08T19:30:06","slug":"impressum","status":"publish","type":"page","link":"https:\/\/tagderforschung2020.phwien.ac.at\/?page_id=48","title":{"rendered":"Impressum"},"content":{"rendered":"\n<h2 class=\"has-text-align-left wp-block-heading\">Impressum<\/h2>\n\n\n\n<p><strong>Offenlegung und Nutzungshinweis gem\u00e4\u00df \u00a7 25 des Mediengesetzes<\/strong><\/p>\n\n\n\n<p><strong>P\u00e4dagogische Hochschule Wien<\/strong><br>Grenzackerstra\u00dfe 18, 1100 Wien<br>Telefon: +43 1 601 18&nbsp;<\/p>\n\n\n\n<p>\u00a9 P\u00e4dagogische Hochschule Wien 2014<\/p>\n\n\n\n<p><\/p>\n\n\n\n<p>Grunds\u00e4tzlich ist die Wiedergabe und Nutzung mit Quellenangabe gestattet, jedoch mit Vorbehalt anderslautender Bestimmungen. Sofern Nutzungseinschr\u00e4nkungen vorliegen, wird ausdr\u00fccklich darauf hingewiesen.<\/p>\n\n\n\n<p>Aus Gr\u00fcnden der Web-Accessibility (z. B. Optimierung f\u00fcr Screenreader) wird auf der Website der P\u00e4dagogischen Hochschule Wien in einzelnen Teilbereichen auf geschlechtergerechte Formulierungen (z. B. bei der Darstellung akademischer Grade) verzichtet. So soll ein breiter Zugang der Website auch mit gest\u00fctzter Kommunikation sichergestellt werden. In allen weiteren Publikationen der P\u00e4dagogischen Hochschule Wien finden gendergerechte Formulierungen durchg\u00e4ngig Anwendung.<\/p>\n\n\n\n<hr class=\"wp-block-separator\"\/>\n\n\n\n<h2 class=\"wp-block-heading\">Nutzungsbedingungen<\/h2>\n\n\n\n<p><strong>1. Haftungsausschluss<\/strong><\/p>\n\n\n\n<p>Die P\u00e4dagogische Hochschule Wien \u00fcbernimmt keinerlei Gew\u00e4hrleistung\/Haftung f\u00fcr die Richtigkeit, Vollst\u00e4ndigkeit und Aktualit\u00e4t der Informationen, Services und dergleichen. Es wird ausdr\u00fccklich darauf hingewiesen, dass aus der Verwendung der Informationen keinerlei Rechtsanspr\u00fcche entstehen. Auch f\u00fcr etwaige Downloads, sei es in Form von Formularen oder \u00e4hnlichem, sowie angegebenen Links \u00fcbernimmt die P\u00e4dagogische Hochschule Wien keinerlei Haftung\/Gew\u00e4hrleistung in Bezug auf Aktualit\u00e4t, Vollst\u00e4ndigkeit und Richtigkeit und zwar hinsichtlich des Inhalts. Wir sind bem\u00fcht, Probleme und St\u00f6rungen so gering wie m\u00f6glich zu halten und weisen ausdr\u00fccklich darauf hin, dass bei St\u00f6rungen oder anderen Dienstunterbrechungen keinerlei Haftung von Seiten der P\u00e4dagogischen Hochschule Wien \u00fcbernommen wird.<\/p>\n\n\n\n<p><strong>2. Geistiges Eigentum<\/strong><\/p>\n\n\n\n<p>S\u00e4mtliche Inhalte und Layouts sind urheberrechtlich gesch\u00fctzt und alle Rechte bleiben dem\/der RechtsinhaberIn vorbehalten. \u00c4nderungen d\u00fcrfen nicht vorgenommen werden.<\/p>\n\n\n\n<p><strong>3. Benutzung &amp; Bildnachweis<\/strong><\/p>\n\n\n\n<p>F\u00fcr die Benutzung der Website sowie deren Nutzung von Informationen und Services kommt ausschlie\u00dflich die Anwendung von \u00f6sterreichischem Recht in Betracht.<\/p>\n\n\n\n<p>Bei der Verwendung von Fotos, Bildern und \u00c4hnlichem weisen wir auf das Copyright der Fotografin\/des Fotografen sowie die verbindliche namentliche Nennung derselben hin. Der Abdruck sowie die Vervielf\u00e4ltigung ist grunds\u00e4tzlich honorarfrei. Wir weisen ausdr\u00fccklich darauf hin, dass die Nennung der P\u00e4dagogischen Hochschule Wien verpflichtend ist.<\/p>\n\n\n\n<p>Kommt es zu einer Anwendung bzw. zu einem Erscheinen der Beitr\u00e4ge, erlauben wir uns 2 Belegexemplar davon einzufordern. Diese sind an folgende Adresse zu \u00fcbermitteln:<\/p>\n\n\n\n<p>P\u00e4dagogische Hochschule Wien<br>Grenzackerstra\u00dfe 18, 1100 Wien<\/p>\n","protected":false},"excerpt":{"rendered":"<p>Impressum Offenlegung und Nutzungshinweis gem\u00e4\u00df \u00a7 25 des Mediengesetzes P\u00e4dagogische Hochschule WienGrenzackerstra\u00dfe 18, 1100 WienTelefon: +43 1 601 18&nbsp; \u00a9 P\u00e4dagogische Hochschule Wien 2014 Grunds\u00e4tzlich ist die Wiedergabe und Nutzung mit Quellenangabe gestattet, jedoch mit Vorbehalt anderslautender Bestimmungen. Sofern Nutzungseinschr\u00e4nkungen vorliegen, wird ausdr\u00fccklich darauf hingewiesen. Aus Gr\u00fcnden der Web-Accessibility (z. B. Optimierung f\u00fcr Screenreader) wird &#8230; <a title=\"Impressum\" class=\"read-more\" href=\"https:\/\/tagderforschung2020.phwien.ac.at\/?page_id=48\" aria-label=\"More on Impressum\">Weiterlesen<\/a><\/p>\n","protected":false},"author":2,"featured_media":66,"parent":0,"menu_order":9999,"comment_status":"closed","ping_status":"closed","template":"","meta":{"footnotes":""},"class_list":["post-48","page","type-page","status-publish","has-post-thumbnail"],"_links":{"self":[{"href":"https:\/\/tagderforschung2020.phwien.ac.at\/index.php?rest_route=\/wp\/v2\/pages\/48","targetHints":{"allow":["GET"]}}],"collection":[{"href":"https:\/\/tagderforschung2020.phwien.ac.at\/index.php?rest_route=\/wp\/v2\/pages"}],"about":[{"href":"https:\/\/tagderforschung2020.phwien.ac.at\/index.php?rest_route=\/wp\/v2\/types\/page"}],"author":[{"embeddable":true,"href":"https:\/\/tagderforschung2020.phwien.ac.at\/index.php?rest_route=\/wp\/v2\/users\/2"}],"replies":[{"embeddable":true,"href":"https:\/\/tagderforschung2020.phwien.ac.at\/index.php?rest_route=%2Fwp%2Fv2%2Fcomments&post=48"}],"version-history":[{"count":4,"href":"https:\/\/tagderforschung2020.phwien.ac.at\/index.php?rest_route=\/wp\/v2\/pages\/48\/revisions"}],"predecessor-version":[{"id":114,"href":"https:\/\/tagderforschung2020.phwien.ac.at\/index.php?rest_route=\/wp\/v2\/pages\/48\/revisions\/114"}],"wp:featuredmedia":[{"embeddable":true,"href":"https:\/\/tagderforschung2020.phwien.ac.at\/index.php?rest_route=\/wp\/v2\/media\/66"}],"wp:attachment":[{"href":"https:\/\/tagderforschung2020.phwien.ac.at\/index.php?rest_route=%2Fwp%2Fv2%2Fmedia&parent=48"}],"curies":[{"name":"wp","href":"https:\/\/api.w.org\/{rel}","templated":true}]}}